f 5358089431.
53, 101096027
What are the prime factors of 33585445?
5, 19, 353531
List the prime factors of 56375886.
2, 3, 7, 1342283
List the prime factors of 19260770.
2, 5, 1926077
What are the prime factors of 756552255?
3, 5, 1187, 42491
What are the prime factors of 56768853?
3, 23, 347, 2371
What are the prime factors of 57360049?
1801, 31849
What are the prime factors of 27422833?
19, 1443307
What are the prime factors of 6663484?
2, 41, 991
What are the prime factors of 80518092?
2, 3, 6709841
What are the prime factors of 1045303243?
37, 443, 63773
List the prime factors of 113476182.
2, 3, 31, 113, 5399
List the prime factors of 27532441.
229, 251, 479
List the prime factors of 772892290.
2, 5, 1877, 41177
List the prime factors of 86278043.
17, 37, 73, 1879
What are the prime factors of 81751279?
81751279
List the prime factors of 160737423.
3, 7, 11, 127, 5479
What are the prime factors of 5193534889?
359, 601, 24071
What are the prime factors of 8376723430?
2, 5, 4787, 174989
List the prime factors of 55457387.
55457387
What are the prime factors of 327458593?
7, 11, 4252709
List the prime factors of 181635669.
3, 23, 292489
List the prime factors of 199161932.
2, 49790483
What are the prime factors of 424014258?
2, 3, 70669043
What are the prime factors of 503045362?
2, 11971, 21011
List the prime factors of 1807017617.
1807017617
List the prime factors of 58608608.
2, 107, 17117
List the prime factors of 8059134208.
2, 53, 101, 5881
What are the prime factors of 3985745840?
2, 5, 2371, 21013
What are the prime factors of 553836847?
79, 277, 25309
List the prime factors of 933469914.
2, 3, 13, 47, 89, 2861
List the prime factors of 178744228.
2, 13, 97, 35437
List the prime factors of 10419957.
3, 1157773
List the prime factors of 169146892.
2, 19, 251, 8867
List the prime factors of 5521971091.
7, 13, 89, 681809
List the prime factors of 18767817.
3, 211, 9883
What are the prime factors of 95792273?
509, 188197
List the prime factors of 195709186.
2, 83, 1178971
What are the prime factors of 40873158?
2, 3, 1187, 1913
What are the prime factors of 141737271?
3, 13, 3634289
List the prime factors of 1546870781.
269, 5750449
What are the prime factors of 27761605?
5, 5552321
List the prime factors of 235958114.
2, 7, 43, 137, 2861
List the prime factors of 246581637.
3, 311, 264289
What are the prime factors of 55413983?
29, 1910827
What are the prime factors of 10455718?
2, 7, 13, 29, 283
What are the prime factors of 215931568?
2, 13495723
What are the prime factors of 85759200?
2, 3, 5, 43, 277
What are the prime factors of 186548254?
2, 93274127
List the prime factors of 1179196204.
2, 8263, 35677
List the prime factors of 63956155.
5, 12791231
What are the prime factors of 1666062457?
39857, 41801
List the prime factors of 1623202112.
2, 7, 733, 4943
List the prime factors of 732884016.
2, 3, 1931, 7907
List the prime factors of 977859607.
977859607
List the prime factors of 78774033.
3, 13, 2019847
List the prime factors of 110769038.
2, 29, 1909811
What are the prime factors of 323391836?
2, 80847959
What are the prime factors of 4507921190?
2, 5, 19, 23725901
What are the prime factors of 40422615?
3, 5, 23, 117167
List the prime factors of 15281657.
17, 898921
What are the prime factors of 1845026587?
1845026587
List the prime factors of 1752123343.
17, 53, 1087, 1789
List the prime factors of 1143884096.
2, 463, 38603
What are the prime factors of 2289971111?
17, 2843, 47381
What are the prime factors of 1260304634?
2, 251, 2510567
List the prime factors of 732425774.
2, 366212887
What are the prime factors of 798896171?
97, 181, 45503
List the prime factors of 74298847.
7, 31, 41, 1193
What are the prime factors of 46276738?
2, 31, 53, 14083
List the prime factors of 96145773.
3, 23, 1393417
What are the prime factors of 210899503?
210899503
What are the prime factors of 3794979902?
2, 7, 839, 323087
What are the prime factors of 35015167?
11, 3183197
What are the prime factors of 1366297266?
2, 3, 103, 2210837
List the prime factors of 300925008.
2, 3, 23, 43, 2113
What are the prime factors of 260683367?
7, 569, 65449
List the prime factors of 16804947.
3, 1291, 4339
List the prime factors of 46740355.
5, 43, 217397
List the prime factors of 5862112353.
3, 37, 211, 83431
What are the prime factors of 91216133?
6863, 13291
What are the prime factors of 1844540?
2, 5, 92227
List the prime factors of 3777657947.
7, 47, 73, 157291
What are the prime factors of 5733329313?
3, 3947, 484193
List the prime factors of 85294997.
85294997
What are the prime factors of 704942733?
3, 11, 281, 6911
What are the prime factors of 194454203?
37, 107, 49117
What are the prime factors of 458954282?
2, 23, 191, 52237
What are the prime factors of 5610835952?
2, 350677247
List the prime factors of 109972807.
7, 739, 3037
List the prime factors of 581064481.
181, 3210301
What are the prime factors of 104988264?
2, 3, 4374511
List the prime factors of 244071319.
41, 5952959
What are the prime factors of 4115517252?
2, 3, 7, 11, 29, 37, 593
What are the prime factors of 45688696?
2, 5711087
List the prime factors of 854727606.
2, 3, 173, 91493
What are the prime factors of 675928164?
2, 3, 223, 252589
List the prime factors of 26743573.
163, 164071
What are the prime factors of 1430110156?
2, 947, 377537
What are the prime factors of 114326593?
114326593
List the prime factors of 196565304.
2, 3, 13, 630017
List the prime factors of 1345214591.
7, 1511, 18169
What are the prime factors of 148754710?
2, 5, 13, 331, 3457
List the prime factors of 14803175.
5, 17, 61, 571
List the prime factors of 56572518.
2, 3, 53, 73, 2437
List the prime factors of 4786100806.
2, 41, 58367083
List the prime factors of 4055468453.
31, 101, 1295263
List the prime factors of 46404477.
3, 7, 431, 1709
What are the prime factors of 1359628538?
2, 1667, 407807
What are the prime factors of 1207740152?
2, 150967519
List the prime factors of 313979109.
3, 104659703
What are the prime factors of 962727261?
3, 23, 3371, 4139
What are the prime factors of 120470387?
569, 211723
List the prime factors of 1367722920.
2, 3, 5, 11397691
What are the prime factors of 59465186?
2, 11, 563, 4801
What are the prime factors of 4621412709?
3, 513490301
What are the prime factors of 17741545?
5, 61, 58169
What are the prime factors of 561617945?
5, 7, 53, 302759
What are the prime factors of 48624395?
5, 9724879
What are the prime factors of 76777810?
2, 5, 1699, 4519
What are the prime factors of 32753814?
2, 3, 5458969
What are the prime factors of 987462605?
5, 73, 2705377
List the prime factors of 1205729606.
2, 307, 457, 4297
What are the prime factors of 54820565?
5, 47, 233279
What are the prime factors of 3260071851?
3, 19, 57194243
What are the prime factors of 4610411921?
19, 353, 687403
What are the prime factors of 1049761966?
2, 11, 151, 316003
What are the prime factors of 57071366?
2, 11, 2594153
List the prime factors of 96979807.
109, 773, 1151
What are the prime factors of 315281314?
2, 157640657
List the prime factors of 508935267.
3, 56548363
List the prime factors of 879165042.
2, 3, 7, 313, 66877
List the prime factors of 605291277.
3, 29, 6957371
What are the prime factors of 4477562931?
3, 61, 109, 224473
List the prime factors of 7265214380.
2, 5, 363260719
What are the prime factors of 402857201?
402857201
List the prime factors of 5188379.
7, 157, 4721
What are the prime factors of 1310224851?
3, 13, 1697, 6599
List the prime factors of 1095779699.
7, 1087, 2939
List the prime factors of 2170331730.
2, 3, 5, 7, 3444971
List the prime factors of 1164235684.
2, 17, 47, 67, 5437
List the prime factors of 179160259.
179160259
What are the prime factors of 5189982?
2, 3, 7, 127, 139
List the prime factors of 1651383467.
251, 6579217
What are the prime factors of 9345077?
7, 97, 13763
What are the prime factors of 4312625201?
47, 167, 549449
List the prime factors of 1326898907.
71, 2063, 9059
What are the prime factors of 7264880106?
2, 3, 11, 101, 1089841
List the prime factors of 857715094.
2, 428857547
What are the prime factors of 42418234?
2, 21209117
What are the prime factors of 616431283?
13, 47417791
List the prime factors of 1025739288.
2, 3